{"id":533,"date":"2023-03-25T14:05:32","date_gmt":"2023-03-25T14:05:32","guid":{"rendered":"https:\/\/semanasantadeleon.com\/Nuevo\/semanasanta\/?page_id=533"},"modified":"2024-03-09T15:17:17","modified_gmt":"2024-03-09T15:17:17","slug":"cofradia-del-santo-cristo-de-la-bienaventuranza","status":"publish","type":"page","link":"https:\/\/semanasantadeleon.com\/Nuevo\/semanasanta\/cofradia-del-santo-cristo-de-la-bienaventuranza\/","title":{"rendered":"Cofrad\u00eda del Santo Cristo de la Bienaventuranza"},"content":{"rendered":"\n<div style=\"height:100px\" aria-hidden=\"true\" class=\"wp-block-spacer\"><\/div>\n\n\n<div class=\"wp-block-image\">\n<figure class=\"aligncenter size-full\"><img loading=\"lazy\" decoding=\"async\" width=\"648\" height=\"800\" src=\"https:\/\/semanasantadeleon.com\/Nuevo\/semanasanta\/wp-content\/uploads\/2024\/02\/Santo-Cristo-de-la-Bienaventuranza.webp\" alt=\"\" class=\"wp-image-1997\" srcset=\"https:\/\/semanasantadeleon.com\/Nuevo\/semanasanta\/wp-content\/uploads\/2024\/02\/Santo-Cristo-de-la-Bienaventuranza.webp 648w, https:\/\/semanasantadeleon.com\/Nuevo\/semanasanta\/wp-content\/uploads\/2024\/02\/Santo-Cristo-de-la-Bienaventuranza-243x300.webp 243w\" sizes=\"auto, (max-width: 648px) 100vw, 648px\" \/><\/figure>\n<\/div>\n\n\n<div style=\"height:100px\" aria-hidden=\"true\" class=\"wp-block-spacer\"><\/div>\n\n\n\n<figure class=\"wp-block-table\"><table><tbody><tr><td><strong>Insignia-Escudo<\/strong><\/td><td>                               <img loading=\"lazy\" decoding=\"async\" width=\"100\" height=\"100\" class=\"wp-image-536\" style=\"width: 100px;\" src=\"https:\/\/semanasantadeleon.com\/Nuevo\/semanasanta\/wp-content\/uploads\/2023\/03\/bienaventuranza.png\" alt=\"\">                             <\/td><\/tr><tr><td><strong>A\u00f1o de fundaci\u00f3n<\/strong><\/td><td>1992<\/td><\/tr><tr><td><strong>Templo<\/strong><\/td><td>Parroquia de San Claudio<\/td><\/tr><tr><td><strong>N\u00ba Hermanos<\/strong><\/td><td>875<\/td><\/tr><tr><td><strong>H\u00e1bito<\/strong><\/td><td><br>El h\u00e1bito de la Cofrad\u00eda es t\u00fanica negra sencilla de tabl\u00f3n, con el emblema situado al lado izquierdo del pecho, con capillo, bocamangas de raso azul celeste y c\u00edngulo igualmente azul celeste. Zapato negro bajo, calcetines, guantes, corbata y pantal\u00f3n negro y camisa blanca. La Junta de Seises, y aquellos hermanos que esta considere oportuno, vestir\u00e1n el h\u00e1bito reglamentario de<br>la Cofrad\u00eda sustituyendo el capillo bajo por un capuch\u00f3n de 64 cm de alto de terciopelo azul celeste con un emblema situado en el centro delantero inferior del mismo, junto con bocamangas igualmente de terciopelo azul celeste. Asimismo, vestir\u00e1n capa de raso del mismo color azul celeste, con vistas negras.<\/td><\/tr><tr><td><strong>Emblema<\/strong><\/td><td>El emblema de la Cofrad\u00eda est\u00e1 formado por dos c\u00edrculos conc\u00e9ntricos dorados, con cruz dorada en el centro alegor\u00eda de la muerte<br>y resurrecci\u00f3n del Santo Cristo de la Bienaventuranza y dos l\u00e1mparas con llamas rojas, una a cada lado de la cruz, simbolizando las almas de los m\u00e1rtires, todo ello sobre fondo azul celeste, de gran vinculaci\u00f3n con el monasterio de San Claudio<\/td><\/tr><tr><td><strong>Procesiones<\/strong><\/td><td>Via Crucis (s\u00e1bado de pasi\u00f3n).<br>Procesi\u00f3n de las Bienaventuranzas (jueves santo).<\/td><\/tr><tr><td><strong>Titulares<\/strong><\/td><td>Santo Cristo de la Bienaventuranza<\/td><\/tr><tr><td><strong>Secciones musicales<\/strong><\/td><td><\/td><\/tr><tr><td><strong>Imaginer\u00eda<\/strong><\/td><td><strong>Santo Cristo de la Bienaventuranza<\/strong><br><strong>\u00c1ngel de la Pasi\u00f3n<\/strong>. Ricardo Flecha Barrio, 1999<br><strong>Nuestro Padre Jes\u00fas Nazareno<\/strong><br><strong>Nuestra Madre de la Piedad<\/strong>. Ricardo Flecha Barrio, 1998<br><strong>Virgen de la Pasi\u00f3n<\/strong>. Jos\u00e9 Luis Casanova Garc\u00eda, 2001<br><strong>Santa Cruz<\/strong>. D. Ricardo Flecha Barrio 1998<\/td><\/tr><tr><td><strong>Historia<\/strong><\/td><td><\/td><\/tr><tr><td><strong>Web<\/strong><\/td><td>                               <a href=\"http:\/\/cofradiascb.es\/WP\/\" target=\"_blank\" rel=\"noreferrer noopener\">http:\/\/cofradiascb.es\/WP\/<\/a>                             <\/td><\/tr><\/tbody><\/table><\/figure>\n\n\n\n<figure class=\"wp-block-gallery has-nested-images columns-default is-cropped wp-block-gallery-1 is-layout-flex wp-block-gallery-is-layout-flex\">\n<figure class=\"wp-block-image size-large\"><img loading=\"lazy\" decoding=\"async\" width=\"737\" height=\"784\" data-id=\"986\" src=\"https:\/\/semanasantadeleon.com\/Nuevo\/semanasanta\/wp-content\/uploads\/2023\/03\/bienaventuranza-cristo.jpg\" alt=\"\" class=\"wp-image-986\" srcset=\"https:\/\/semanasantadeleon.com\/Nuevo\/semanasanta\/wp-content\/uploads\/2023\/03\/bienaventuranza-cristo.jpg 737w, https:\/\/semanasantadeleon.com\/Nuevo\/semanasanta\/wp-content\/uploads\/2023\/03\/bienaventuranza-cristo-282x300.jpg 282w\" sizes=\"auto, (max-width: 737px) 100vw, 737px\" \/><figcaption class=\"wp-element-caption\"><strong>Santo Cristo de la Bienaventuranza<\/strong><\/figcaption><\/figure>\n\n\n\n<figure class=\"wp-block-image size-large\"><img loading=\"lazy\" decoding=\"async\" width=\"737\" height=\"500\" data-id=\"985\" src=\"https:\/\/semanasantadeleon.com\/Nuevo\/semanasanta\/wp-content\/uploads\/2023\/03\/bienaventuranza-viacrucis-1.jpg\" alt=\"\" class=\"wp-image-985\" srcset=\"https:\/\/semanasantadeleon.com\/Nuevo\/semanasanta\/wp-content\/uploads\/2023\/03\/bienaventuranza-viacrucis-1.jpg 737w, https:\/\/semanasantadeleon.com\/Nuevo\/semanasanta\/wp-content\/uploads\/2023\/03\/bienaventuranza-viacrucis-1-300x204.jpg 300w\" sizes=\"auto, (max-width: 737px) 100vw, 737px\" \/><figcaption class=\"wp-element-caption\"><strong>Santo Cristo de la Bienaventuranza<\/strong><\/figcaption><\/figure>\n<\/figure>\n","protected":false},"excerpt":{"rendered":"<p>Insignia-Escudo A\u00f1o de fundaci\u00f3n1992TemploParroquia de San ClaudioN\u00ba Hermanos875H\u00e1bitoEl h\u00e1bito de la Cofrad\u00eda es t\u00fanica negra sencilla de tabl\u00f3n, con el emblema situado al lado izquierdo del pecho, con capillo, bocamangas de raso azul celeste y c\u00edngulo igualmente azul celeste. Zapato negro bajo, calcetines, guantes, corbata y pantal\u00f3n negro y camisa blanca. La Junta de Seises, [&hellip;]<\/p>\n","protected":false},"author":1,"featured_media":0,"parent":0,"menu_order":0,"comment_status":"closed","ping_status":"closed","template":"page-templates\/full-width-page.php","meta":{"footnotes":""},"class_list":["post-533","page","type-page","status-publish","hentry"],"_links":{"self":[{"href":"https:\/\/semanasantadeleon.com\/Nuevo\/semanasanta\/wp-json\/wp\/v2\/pages\/533","targetHints":{"allow":["GET"]}}],"collection":[{"href":"https:\/\/semanasantadeleon.com\/Nuevo\/semanasanta\/wp-json\/wp\/v2\/pages"}],"about":[{"href":"https:\/\/semanasantadeleon.com\/Nuevo\/semanasanta\/wp-json\/wp\/v2\/types\/page"}],"author":[{"embeddable":true,"href":"https:\/\/semanasantadeleon.com\/Nuevo\/semanasanta\/wp-json\/wp\/v2\/users\/1"}],"replies":[{"embeddable":true,"href":"https:\/\/semanasantadeleon.com\/Nuevo\/semanasanta\/wp-json\/wp\/v2\/comments?post=533"}],"version-history":[{"count":6,"href":"https:\/\/semanasantadeleon.com\/Nuevo\/semanasanta\/wp-json\/wp\/v2\/pages\/533\/revisions"}],"predecessor-version":[{"id":2409,"href":"https:\/\/semanasantadeleon.com\/Nuevo\/semanasanta\/wp-json\/wp\/v2\/pages\/533\/revisions\/2409"}],"wp:attachment":[{"href":"https:\/\/semanasantadeleon.com\/Nuevo\/semanasanta\/wp-json\/wp\/v2\/media?parent=533"}],"curies":[{"name":"wp","href":"https:\/\/api.w.org\/{rel}","templated":true}]}}